 is the hundred millions digit of 537812082?
5
What is the billions digit of 2121229421?
2
What is the hundreds digit of 464954563?
5
What is the tens digit of 56431925?
2
What is the thousands digit of 2039896923?
6
What is the hundred thousands digit of 631846958?
8
What is the tens digit of 152660811?
1
What is the thousands digit of 5690022?
0
What is the hundreds digit of 11094232?
2
What is the ten thousands digit of 307812985?
1
What is the hundred thousands digit of 338214989?
2
What is the hundred thousands digit of 19421213?
4
What is the hundreds digit of 350112489?
4
What is the ten thousands digit of 36483521?
8
What is the hundreds digit of 164299482?
4
What is the thousands digit of 1160858631?
8
What is the millions digit of 121650466?
1
What is the tens digit of 57217481?
8
What is the hundred millions digit of 474691291?
4
What is the ten thousands digit of 9638699?
3
What is the millions digit of 549063351?
9
What is the tens digit of 41710461?
6
What is the hundreds digit of 21494822?
8
What is the hundreds digit of 46396662?
6
What is the billions digit of 2263544938?
2
What is the ten millions digit of 5318854218?
1
What is the thousands digit of 17625542?
5
What is the ten thousands digit of 18072013?
7
What is the ten millions digit of 170740161?
7
What is the thousands digit of 18480140?
0
What is the tens digit of 2688976154?
5
What is the hundred thousands digit of 8377497658?
4
What is the hundreds digit of 57121254?
2
What is the hundreds digit of 4322284378?
3
What is the ten millions digit of 36980288?
3
What is the ten millions digit of 379831202?
7
What is the units digit of 443985100?
0
What is the ten millions digit of 92680653?
9
What is the tens digit of 33685985?
8
What is the tens digit of 61082888?
8
What is the ten thousands digit of 5813166701?
6
What is the hundreds digit of 86702514?
5
What is the millions digit of 8394733?
8
What is the ten thousands digit of 3334131?
3
What is the thousands digit of 9235499?
5
What is the millions digit of 390855259?
0
What is the units digit of 83741978?
8
What is the units digit of 4252096258?
8
What is the tens digit of 665290372?
7
What is the tens digit of 74915139?
3
What is the millions digit of 514848961?
4
What is the ten thousands digit of 16950551?
5
What is the hundreds digit of 6618340?
3
What is the ten thousands digit of 935707682?
0
What is the ten thousands digit of 571847568?
4
What is the hundreds digit of 1663098093?
0
What is the ten thousands digit of 67045004?
4
What is the billions digit of 1534683052?
1
What is the ten millions digit of 1517498151?
1
What is the hundred millions digit of 246953380?
2
What is the millions digit of 30168041?
0
What is the hundreds digit of 1782753336?
3
What is the ten millions digit of 16883208?
1
What is the tens digit of 3283754?
5
What is the millions digit of 41892041?
1
What is the millions digit of 739778230?
9
What is the ten thousands digit of 1403137831?
3
What is the millions digit of 135153900?
5
What is the units digit of 7282325?
5
What is the hundred millions digit of 1131865732?
1
What is the millions digit of 4224110881?
4
What is the ten millions digit of 286448162?
8
What is the millions digit of 2762127106?
2
What is the millions digit of 325872972?
5
What is the thousands digit of 1321661022?
1
What is the millions digit of 12201886?
2
What is the ten thousands digit of 164760624?
6
What is the hundreds digit of 6209220289?
2
What is the ten thousands digit of 210893539?
9
What is the ten thousands digit of 19345361?
4
What is the millions digit of 526969752?
6
What is the ten thousands digit of 3105260?
0
What is the hundreds digit of 290167888?
8
What is the ten thousands digit of 131133216?
3
What is the hundreds digit of 5986565740?
7
What is the ten thousands digit of 90017591?
1
What is the ten millions digit of 58700918?
5
What is the hundreds digit of 27677854?
8
What is the millions digit of 352745836?
2
What is the units digit of 783934858?
8
What is the hundred thousands digit of 61801921?
8
What is the tens digit of 308259884?
8
What is the millions digit of 412506022?
2
What is the millions digit of 76052027?
6
What is the hundred millions digit of 169967800?
1
What is the tens digit of 152245761?
6
What is the tens digit of 942952449?
4
What is the tens digit of 889269994?
9
What is the ten thousands digit of 312885507?
8
What is the units digit of 26185338?
8
What is the tens digit of 295095968?
6
What is the hundred thousands digit of 16311358?
3
What is the millions digit of 92665865?
2
What is the billions digit of 3696084659?
3
What is the hundred thousands digit of 4351977632?
9
What is the tens digit of 540342602?
0
What is the thousands digit of 60901646?
1
What is the units digit of 227241612?
2
What is the hundred millions digit of 115328498?
1
What is the hundred thousands digit of 35073982?
0
What is the ten millions digit of 251080781?
5
What is the tens digit of 211417985?
8
What is the units digit of 126905606?
6
What is the millions digit of 143217283?
3
What is the thousands digit of 245512966?
2
What is the millions digit of 87687082?
7
What is the hundred thousands digit of 361120853?
1
What is the ten millions digit of 20842705?
2
What is the units digit of 81639366?
6
What is the ten millions digit of 1721466575?
2
What is the units digit of 875384016?
6
What is the tens digit of 851570094?
9
What is the millions digit of 79716669?
9
What is the thousands digit of 3311014875?
4
What is the millions digit of 13830204?
3
What is the millions digit of 42737019?
2
What is the ten millions digit of 83405731?
8
What is the ten thousands digit of 4018604636?
0
What is the hundred millions digit of 153589864?
1
What is the hundreds digit of 20686657?
6
What is the hundred millions digit of 230209207?
2
What is the thousands digit of 809185236?
5
What is the tens digit of 60010540?
4
What is the billions digit of 1233632824?
1
What is the thousands digit of 2562013229?
3
What is the ten millions digit of 20635509?
2
What is the hundred millions digit of 115852460?
1
What is the units digit of 166536249?
9
What is the hundreds digit of 129768662?
6
What is the units digit of 33689106?
6
What is the thousands digit of 129121887?
1
What is the ten thousands digit of 394425121?
2
What is the thousands digit of 90096210?
6
What is the hundreds digit of 23771265?
2
What is the billions digit of 3745774636?
3
What is the hundreds digit of 24289743?
7
What is the units digit of 95549105?
5
What is the thousands digit of 5162299?
2
What is the ten millions digit of 17826835?
1
What is the hundreds digit of 2910657064?
0
What is the hundreds digit of 46394424?
4
What is the hundred thousands digit of 48014203?
0
What is the millions digit of 366060735?
6
What is the ten millions digit of 1777195912?
7
What is the tens digit of 251678042?
4
What is the tens digit of 894140275?
7
What is the hundreds digit of 251236660?
6
What is the ten millions digit of 1250704410?
5
What is the millions digit of 271437702?
1
What is the hundred millions digit of 387134280?
3
What is the millions digit of 57291309?
7
What is the hundred thousands digit of 36732926?
7
What is the hundred millions digit of 7867105151?
8
What is the ten millions digit of 50750968?
5
What is the tens digit of 868917887?
8
What is the hundreds digit of 95164922?
9
What is the units digit of 3419037997?
7
What is the millions digit of 132415095?
2
What is the hundred millions digit of 652020284?
6
What is the units digit of 2162897460?
0
What is the tens digit of 6438091536?
3
What is the hundred millions digit of 7907407712?
9
What is the tens digit of 28906911?
1
What is the ten millions digit of 275994115?
7
What is the thousands digit of 4023480542?
0
What is the units digit of 108565849?
9
What is the hundred thousands digit of 16709402?
7
What is the units digit of 635854845?
5
What is the millions digit of 84763959?
4
What is the hundred millions digit of 165375990?
1
What is the hundreds digit of 219397563?
5
What is the ten millions digit of 3433438394?
3
What is the ten millions digit of 373547287?
7
What is the ten millions digit of 188832157?
8
What is the thousands digit of 58147646?
7
What is 